 w(c)?
4
Let a(f) = f + 1. Let z be a(-4). Let j(l) be the first derivative of l**3/3 + 2*l**2 + 1. Determine j(z).
-3
Let a(v) = -v**2 + v - 4. Let m be 1 + -2 + (-3 - -8). Suppose -3*d = 3*f + d + m, -2*f - 5 = 5*d. Give a(f).
-4
Let v(a) = -4*a + 9. Let r(n) = -5*n + 9. Let h(q) = -2*r(q) + 3*v(q). What is h(6)?
-3
Let l be 2*((5 - -1) + -3). Suppose -24 + l = -3*k. Let s(m) = -m**2 + 7*m - 3. What is s(k)?
3
Let l(q) = -q**3 + 4*q**2 + 1 + 2*q**3 - 2 - 2*q. Let z be 1/(((-12)/9)/(-4)). Let d = -7 + z. Determine l(d).
7
Let k be 2 + 0/(-3 + 7). Let w(z) = -5 - 30*z**2 - 1 + 3 - 4*z + 29*z**k. Calculate w(-5).
-8
Let n(v) = -5*v + 14. Let q(o) = -4*o + 13. Let u(f) = 3*f + 6. Let t be u(-4). Let k(d) = t*q(d) + 5*n(d). Let i(s) = -4*s - 1. Let y be i(1). What is k(y)?
-3
Suppose 18*z = 15*z + 15. Let u(a) = a**3 - 4*a**2 - 1. Calculate u(z).
24
Suppose -b + 0*t = 2*t + 4, 0 = -4*b - 4*t + 4. Let s = b - 10. Let l(g) = 3 + 1 + 0*g**2 - g**2 - 2*g. Calculate l(s).
-4
Let t(h) be the second derivative of -h**4/12 - 2*h**3/3 + 3*h**2/2 + h. Determine t(-3).
6
Suppose 0 = -4*f - 4*q, -f + 5*q + 12 = -0*f. Let p = f - 3. Let d(v) = -8*v + 1. Let u(l) = -16*l + 2. Let m(z) = -5*d(z) + 2*u(z). Give m(p).
-9
Let h be (2 - (-3 - -4))*0. Let a(r) be the third derivative of 3*r**2 + 0*r**3 + 0*r - 1/4*r**4 + h - 1/30*r**5. Give a(-4).
-8
Suppose 2*q - 38 = 5*t - 10*t, 4*t + 5*q = 44. Let x = t + -6. Let a(y) = y + 2. Give a(x).
2
Let u(b) = b**2 + 2*b + 2. Let c(f) = 3*f**2 + 5*f + 5. Let j(z) = 6*c(z) - 15*u(z). Suppose 11*l = 2*l + 9. What is j(l)?
3
Let k(y) = 5 + 5 + 2*y - 11. Determine k(-1).
-3
Let j(i) = i - 7. Let v(n) = -n - 5. Let g be v(-8). Suppose g*f = 8*f. Calculate j(f).
-7
Let u(i) = i**3 + 9*i**2 + 8*i - 2. Suppose 2*w + 32 = -5*f, w + 12 = -4*f - 4*w. Give u(f).
-2
Let w(c) = -c**3 - 2*c**2 - 1. Let z = 23 - 26. What is w(z)?
8
Let k(d) = -7*d**2 + d + 9. Let l(c) = 6*c**2 - c - 8. Let o(a) = -5*k(a) - 6*l(a). Calculate o(-3).
-9
Let c(n) = n - 5. Let b = -3 + 6. Suppose b = -j + 2*j. Suppose -j*p - 12 = 0, -k - 4*p = -2*k + 21. Calculate c(k).
0
Let c(t) = 17*t - 5. Let p = 2 + 4. Let a(k) = -16*k + 4. Let r(n) = p*a(n) + 5*c(n). What is r(1)?
-12
Let h be ((-2)/(-4))/((-4)/(-8)). Suppose 3*i + h - 4 = 0. Let t = -1 + i. Let b(y) = y**3 + y + 7. Determine b(t).
7
Let g(o) = -o. Let i be (4 + -2)*3/(-6). Calculate g(i).
1
Let k(y) = y - 2. Let z = 0 + -5. Let n = -5 - z. Suppose n = -4*p + 2*p - 4. What is k(p)?
-4
Let z(p) = p**2 - p + 1. Let v(k) = 8*k - 5. Let n(l) = -v(l) - z(l). Give n(-7).
4
Let g be 18*(-1 - (-3)/2). Let k(a) = g - 5 + 2*a - 3*a + 6. Give k(7).
3
Let p(y) = -y**3 + 5 + 1 + y**2 - 4*y - 3 + 7*y. Give p(3).
-6
Let k(r) be the second derivative of 0 - 4*r - 1/3*r**3 + 3*r**2. Let j = 0 + 5. Calculate k(j).
-4
Let p(s) = s + 1. Let z(j) = j**2 - 9*j - 1. Let k(f) = -2*p(f) - z(f). Calculate k(6).
5
Let n = 68 - 74. Let y(k) = -k**2 - 6*k - 7. Determine y(n).
-7
Let j(r) = r**2. Suppose -20 = -5*f - g - g, 6 = -2*f + 2*g. Calculate j(f).
4
Let z(p) = p + 5. Let c(b) = b + 1. Let l be (7/(-14))/((-2)/(-28)). Let d be c(l). Give z(d).
-1
Let d(w) = w**3 + 9*w - 7*w**2 + 0 - w - 9 + w. Give d(6).
9
Let y(u) = 39 - 40 + u**2 - 4*u**2. Let l be 1/(-3) - 4/6. Calculate y(l).
-4
Let b(o) be the second derivative of o**3/6 + 2*o**2 + o. Let l(q) = -q**2 - q + 3. Let j be l(0). Let y = j + -3. Determine b(y).
4
Let x(k) = -k**2 - 6*k - 7. Suppose j = -3*b - 15, -4*j - 9 - 12 = -b. Calculate x(j).
-7
Let b(o) = 24*o**2 - 2*o - 1. Suppose -3*n - 7 = -4*p, -n + 1 = -4*p + 6. Determine b(n).
25
Let j(q) = q**2 + q - 3. Let x(i) = 4*i**2 + 4*i - 13. Let h(y) = -9*j(y) + 2*x(y). Give h(0).
1
Let b(r) = -5*r**2 - 5*r + 46. Let j(y) = 2*y**2 + 2*y - 15. Let f(l) = -3*b(l) - 8*j(l). Give f(0).
-18
Let y = 1 - 2. Let h be (-9 - y)*(-2)/(-4). Let o(c) = c - 3*c + 1 + 4*c - c. Give o(h).
-3
Let l(u) be the first derivative of 4*u + 2*u**2 + 1/3*u**3 - 1. Determine l(-3).
1
Let q be 2/1 - (0 + 4). Let o(b) = b**3 + 3*b**2 + 2*b - 2. Give o(q).
-2
Let c(k) = -k**3 - k - 1. Let d = 3 - 5. Let x = d - -2. Suppose 0 = h - x*h + 4*u - 12, -2*h = -3*u + 9. Determine c(h).
-1
Let l = -78 - -89. Let z(f) = -f**2 + 12*f - 11. Determine z(l).
0
Let v(q) be the first derivative of 2*q**2 - q - 3. Let m = 115 - 114. Give v(m).
3
Let o be 1*(-2)/6*0. Let a be o + 2/(-2)*5. Let k(u) = -u**3 - 6*u**2 - 3*u + 4. What is k(a)?
-6
Let u(v) = -v**2 + 7*v - 3. Let m(x) = 3*x**2 - 3*x. Suppose -f + 0 = -2. Let i be m(f). Determine u(i).
3
Let g(u) = 2*u - 4. Let s(b) = b - 1. Let i(n) = -g(n) + 3*s(n). Let p(z) = z. Suppose 0 = -3*l + 4 + 2. Let h(a) = l*i(a) - 4*p(a). What is h(3)?
-4
Let t(g) be the first derivative of g**4/4 + 8*g**3/3 - g**2/2 - g - 3. What is t(-8)?
7
Let x be 3/(-2)*(-224)/42. Let n(m) = 20*m**2 - 2 - x*m**2 - 5*m - 13*m**2. Let s(d) = d**3 + 5*d**2 + 2*d + 5. Let l be s(-5). Give n(l).
-2
Let g(y) = y**3 - 4*y**2 - 6*y - 6. Suppose -4*f - 42 = -f. Let r be 66/14 - 4/f. Calculate g(r).
-11
Let z(o) = 3 + 1 - 3 - 4*o - 2*o**2 - o**3 - 3*o**2. Suppose -13 + 0 = 5*p - l, -3*p + l - 7 = 0. Determine z(p).
-5
Let y(o) = 4 + 5*o - o**3 + 0*o**3 - 6*o - 6*o**2 + 2*o**2. Give y(-4).
8
Let f(i) = -i**2 - 5*i + 37. Let z be f(-9). Let w(b) = -25*b**3 + 2*b**2 - 1. Determine w(z).
-24
Let x(i) = 8*i**3 + 1. Suppose -j + 2*o + o = 13, -3*j + 3*o - 9 = 0. Suppose 0 = -2*y + j. Calculate x(y).
9
Let y(i) = i**3 + 5*i**2 - 7*i - 2. Let j = 2 - 8. What is y(j)?
4
Let b(m) = m**2 - 5*m - 9. Let g(k) = -k**3 - 5*k**2 - 3*k - 2. Let x be g(-5). Suppose -5*r + x + 7 = 0, 5*w - 3*r = 23. Give b(w).
5
Let s(x) = 5*x - 3. Let t(q) = -9*q + 5. Let l(m) = -7*s(m) - 4*t(m). Give l(5).
6
Let p be -7 - (0 + (-10)/5). Let t(m) = -m - 2. Determine t(p).
3
Let f(u) = -11*u + 1. Let z(w) = -23*w + 2. Let t(l) = 9*f(l) - 4*z(l). Suppose 2*r - 2*a = -8, 3*r + 2*a + 8 = 4*a. Suppose r*x = -5*x + 5. What is t(x)?
-6
Let j(s) = -s**3 - 7*s**2 - 3. Suppose -20 = -5*r + 15. Let q = -5 + r. Let u(i) = -2*i**3 - 15*i**2 + i - 7. Let g(d) = q*u(d) - 5*j(d). Determine g(-5).
-9
Let p(u) be the first derivative of -u**4/4 - 7*u**3/3 + 3*u + 4. Give p(-7).
3
Let c(g) = g**3 + 7*g**2 + g + 1. Let h(q) = 2*q + 1. Let x be h(-4). Calculate c(x).
-6
Let h(d) = 2 + 3*d**2 + 9*d - 5*d**2 + 3*d**2. Calculate h(-4).
-18
Let q(x) = -5*x - 2. Let l(m) = 21*m + 9. Let d(g) = -6*l(g) - 26*q(g). Calculate d(2).
6
Let j(y) = 0*y**3 + y**3 - 4 + 1 + 11*y**2 - 6. What is j(-11)?
-9
Let s(t) = 3*t**3 - 2*t**2 + 2*t - 1. Let g be s(1). Suppose f - g = 3. Let w be (-1 + 1)/(f - 3). Let h(u) = u**3 - u**2 - u + 4. Calculate h(w).
4
Let w(d) = -7*d + 11. Let u be -33*(2 + 5/(-3)). Let g(i) = -13*i + 21. Let r(t) = u*w(t) + 6*g(t). Determine r(0).
5
Let s(x) = 6*x + 3*x**2 - 11*x + 2 - 4*x**2. Determine s(-5).
2
Let a be ((-9)/6)/((-2)/(-4)). Let h(b) = -4*b**3 + 3*b**2 - 2. Let r(s) = -11*s**3 + 9*s**2 + s - 6. Let x(o) = a*r(o) + 8*h(o). What is x(3)?
-7
Let c(w) be the first derivative of 8*w**3/3 - 5. Determine c(-1).
8
Let x(r) = -r**3 - r**2 + 3*r - 2. Let t(y) = -y**2 - 4*y**2 - y**3 + 3*y**2 + 3*y - 2. Let l(v) = 4*t(v) - 5*x(v). What is l(4)?
6
Let p(w) = w**2 + w - 2. Let c = -38 + 34. What is p(c)?
10
Let v(g) = g + 3. Let k be v(-4). Let p(z) = -z**3 + z**3 - 1 + z**3. Determine p(k).
-2
Let g(l) = -15*l**2 - 9*l - 2. Let t = -8 - -5. Suppose -5*x + 10 = -3*x. Let n(k) = -7*k**2 - 5*k - 1. Let z(s) = t*g(s) + x*n(s). What is z(-1)?
9
Let t = -2 - -1. Let w be t*(-3)/(2 - 1). Suppose -12 + 3 = -w*p. Let v(u) = u**3 - 3*u**2 - u + 2. What is v(p)?
-1
Suppose s - 5*x - 14 = -s, 3*s - x - 8 = 0. Let d(h) = 5*h**3 - 2*h**2 + 8*h + 2. Let c(g) = -g**3 - g - 1. Let w(m) = 4*c(m) + d(m). Give w(s).
6
Suppose 2*k + 4 = -2. Let r = -3 - k. Let m(g) = g**3 + g**2 - 1. Determine m(r).
-1
Let t = -18 - -20. Let m(j) = -3*j + 2. What is m(t)?
-4
Let b(c) be the first derivative of 3*c**2/2 + 7. Determine b(-4).
-12
Let o(p) = p**3 - 2*p**2 - p. Let f = 11 - 8. Suppose -3*h - 3*k = 6, f*h + k = 5*k + 22. Determine o(h).
-2
Let m(j) = -j**2 - 4*j - 6. Let u be m(-4). Let l(r) = 2*r + 6. Calculate l(u).
-6
Let g(r) = 0*r + 7*r**2 - 4*r - r**3 - 3*r**2 + 4 + 0*r. Determine g(4).
-12
Let k = -1 + -5. Le